mposite?
False
Is 757 prime?
True
Is 5457359 prime?
True
Is 21859 a prime number?
True
Is 61309 a composite number?
True
Is 9033 a prime number?
False
Is 12097 prime?
True
Is 28789 a composite number?
False
Is 263 a composite number?
False
Is 46555 composite?
True
Is 176801 a composite number?
True
Is 50371 a composite number?
True
Is 17939 a composite number?
False
Is 792139 prime?
False
Is 1177 a prime number?
False
Is 8747 composite?
False
Is 56759 composite?
True
Is 15709 composite?
True
Is 2551 a prime number?
True
Is 29741 a composite number?
False
Is 37621 composite?
True
Is 2981 a prime number?
False
Is 15217 a composite number?
False
Is 15659 composite?
True
Is 244243 prime?
True
Is 2333 a prime number?
True
Is 292403 prime?
False
Is 89251 composite?
True
Is 111047 composite?
True
Is 455231 prime?
False
Is 3365 a composite number?
True
Is 612301 prime?
True
Is 8899 a prime number?
False
Is 55741 a composite number?
True
Is 4843 a prime number?
False
Is 1203 a composite number?
True
Is 38813 prime?
False
Is 191153 composite?
True
Is 1329 a prime number?
False
Is 209717 composite?
False
Is 1861 prime?
True
Is 190507 prime?
True
Is 2437 composite?
False
Is 3027 a composite number?
True
Is 233471 a prime number?
False
Is 83737 prime?
True
Is 530641 a prime number?
True
Is 517711 prime?
True
Is 99469 prime?
True
Is 10133 a prime number?
True
Is 355529 a composite number?
False
Is 9893 prime?
False
Is 245221 a composite number?
True
Is 14173 composite?
False
Is 3959 a composite number?
True
Is 1671 a composite number?
True
Is 2807 a prime number?
False
Is 196097 composite?
True
Is 7391 a composite number?
True
Is 1087 a composite number?
False
Is 53651 composite?
True
Is 1868777 a composite number?
False
Is 56065 prime?
False
Is 512419 prime?
True
Is 28013 a composite number?
True
Is 124633 prime?
True
Is 7129 composite?
False
Is 26293 prime?
True
Is 15869 prime?
False
Is 253597 composite?
True
Is 499 prime?
True
Is 251777 a composite number?
True
Is 89249 a composite number?
True
Is 466397 composite?
True
Is 23721 a composite number?
True
Is 5747 composite?
True
Is 7169 composite?
True
Is 652571 a composite number?
True
Is 51031 prime?
True
Is 70337 a composite number?
True
Is 4874 prime?
False
Is 43459 a prime number?
False
Is 1823 a composite number?
False
Is 349543 prime?
False
Is 293507 composite?
False
Is 277843 composite?
True
Is 1657 a prime number?
True
Is 51971 a prime number?
True
Is 22553 a prime number?
False
Is 1469473 a prime number?
False
Is 21809 prime?
False
Is 197507 prime?
True
Is 33545 a prime number?
False
Is 120059 prime?
False
Is 803867 a prime number?
True
Is 791 composite?
True
Is 6439 prime?
False
Is 1337 composite?
True
Is 1618807 composite?
False
Is 29501 prime?
True
Is 198311 composite?
True
Is 6779 prime?
True
Is 52621 a prime number?
False
Is 77186 a composite number?
True
Is 52781 a composite number?
True
Is 24233 a composite number?
True
Is 24657 prime?
False
Is 69637 prime?
False
Is 5711 a prime number?
True
Is 131411 composite?
True
Is 156887 prime?
True
Is 3341 composite?
True
Is 1979 a composite number?
False
Is 29123 composite?
False
Is 370099 a prime number?
False
Is 20477 a composite number?
False
Is 6689 prime?
True
Is 344901 composite?
True
Is 73327 prime?
True
Is 2309 a prime number?
True
Is 411 composite?
True
Is 1529843 a prime number?
False
Is 28697 composite?
False
Is 2153 prime?
True
Is 72139 prime?
True
Is 58771 a prime number?
True
Is 40897 composite?
False
Is 36329 prime?
False
Is 59539 a composite number?
False
Is 13097 a prime number?
False
Is 31343 a prime number?
False
Is 1931 a prime number?
True
Is 24793 a composite number?
False
Is 50501 composite?
True
Is 259 composite?
True
Is 31483 prime?
False
Is 6287 a prime number?
True
Is 44417 a composite number?
False
Is 22259 composite?
False
Is 48089 a prime number?
False
Is 2923 a prime number?
False
Is 1122983 a prime number?
True
Is 151269 composite?
True
Is 115721 composite?
True
Is 191 composite?
False
Is 196999 prime?
False
Is 3787 a composite number?
True
Is 54335 composite?
True
Is 167593 prime?
True
Is 9533 a prime number?
True
Is 14909 composite?
True
Is 350699 prime?
True
Is 111515 a composite number?
True
Is 37763 prime?
False
Is 71017 a composite number?
True
Is 270713 composite?
True
Is 1043023 composite?
False
Is 5519 composite?
False
Is 18301 composite?
False
Is 4663 a composite number?
False
Is 6532705 a prime number?
False
Is 547201 a composite number?
True
Is 9793 a prime number?
False
Is 3545 prime?
False
Is 25406 a composite number?
True
Is 89491 prime?
True
Is 7363 composite?
True
Is 14909 prime?
False
Is 63647 prime?
True
Is 647 prime?
True
Is 8458 a prime number?
False
Is 1381 a prime number?
True
Is 190861 prime?
False
Is 7871 a prime number?
False
Is 1091141 composite?
True
Is 210669 a composite number?
True
Is 643271 composite?
True
Is 2633 a composite number?
False
Is 260873 composite?
False
Is 129251 composite?
True
Is 673361 a prime number?
False
Is 7039 prime?
True
Is 3744391 a prime number?
False
Is 27923 composite?
True
Is 413293 composite?
False
Is 27397 prime?
True
Is 189537 a composite number?
True
Is 18539 prime?
True
Is 21349 a prime number?
False
Is 1266349 a composite number?
True
Is 363251 prime?
False
Is 907 prime?
True
Is 8003 a composite number?
True
Is 14471 composite?
True
Is 471841 composite?
False
Is 3963 a composite number?
True
Is 12841 composite?
False
Is 145385 composite?
True
Is 14583 prime?
False
Is 215893 composite?
False
Is 178661 a composite number?
True
Is 12715 a prime number?
False
Is 68245 composite?
True
Is 160117 composite?
False
Is 41807 a composite number?
True
Is 120763 prime?
True
Is 248785 a composite number?
True
Is 318833 a composite number?
False
Is 5806 prime?
False
Is 10193 composite?
False
Is 55763 a composite number?
False
Is 450377 prime?
True
Is 693393 a prime number?
False
Is 139187 a composite number?
False
Is 49142 a composite number?
True
Is 274213 prime?
True
Is 5227 a composite number?
False
Is 236671 prime?
False
Is 474961 prime?
False
Is 137726 a composite number?
True
Is 7229 composite?
False
Is 12461 a composite number?
True
Is 5803 a prime number?
False
Is 5737 a composite number?
False
Is 12517 composite?
False
Is 29434 a prime number?
False
Is 108751 prime?
True
Is 23207 composite?
True
Is 7153 composite?
True
Is 63743 a composite number?
False
Is 2333 prime?
True
Is 32345 prime?
False
Is 5078 composite?
True
Is 7318 a prime number?
False
Is 1487867 prime?
True
Is 269207 prime?
False
Is 86813 composite?
False
Is 8923 prime?
True
Is 22481 a composite number?
False
Is 14777 a prime number?
False
Is 19354 a prime number?
False
Is 1477 composite?
True
Is 18869 prime?
True
Is 101731 composite?
True
Is 1567 prime?
True
Is 1783717 a prime number?
False
Is 184787 a prime number?
False
Is 38573 a prime number?
False
Is 6683 a composite number?
True
Is 3457 a composite number?
False
Is 49409 a composite number?
False
Is 97049 composite?
True
Is 784211 a composite number?
False
Is 31619 a composite number?
True
Is 378253 a composite number?
False
Is 8691 composite?
True
Is 2841 a composite number?
True
Is 235 prime?
False
Is 10123 a composite number?
True
Is 3812873 a composite number?
True
Is 111 composite?
True
Is 118967 a prime number?
True
Is 12247 prime?
False
Is 245369 composite?
True
Is 11901 composite?
True
Is 3989 a prime number?
True
Is 18391 a composite number?
True
Is 1287173 prime?
True
Is 14417 a composite number?
True
Is 6899 a composite number?
False
Is 18463 a composite number?
True
Is 53374 composite?
True
Is 21713 composite?
False
Is 101938 prime?
False
Is 76667 prime?
True
Is 57657 composite?
True
Is 2086241 composite?
True
Is 1243 composite?
True
Is 6823 prime?
True
Is 778495 composite?
True
Is 156187 composite?
True
Is 15661 a composite number?
False
Is 6761 a prime number?
True
Is 2322653 a prime number?
False
Is 59951 prime?
True
Is 108321 a prime number?
False
Is 169985 prime?
False
Is 316454 a composite number?
True
Is 111997 a composite number?
False
Is 91781 prime?
True
Is 27842 a composite number?
True
Is 164237 prime?
False
Is 11281 prime?
False
Is 210011 a composite number?
False
Is 1365269 composite?
False
Is 45683 a prime n